{"id":26,"date":"2022-09-01T08:12:44","date_gmt":"2022-09-01T08:12:44","guid":{"rendered":"http:\/\/mk-hansa.de\/?page_id=26"},"modified":"2022-10-19T14:28:11","modified_gmt":"2022-10-19T14:28:11","slug":"wer-wir-sind","status":"publish","type":"page","link":"https:\/\/mk-hansa.de\/?page_id=26","title":{"rendered":"Wer wir sind"},"content":{"rendered":"\r\n<h4 class=\"wp-block-heading\">Wer wir sind<\/h4>\r\n\r\n\r\n\r\n<p>Ihr professioneller Partner f\u00fcr Personaldienstleistung<\/p>\r\n<p>Wir bieten mit \u00fcber 10 Mitarbeitern Dienstleistungen im Bereich Logistik an.<\/p>\r\n<p>Unter anderem bieten wir an<\/p>\r\n<ul>\r\n<li><strong>Container be- und entladen<\/strong><\/li>\r\n<li><strong>Reinigung von Containern<\/strong><\/li>\r\n<\/ul>\r\n<p><strong><img fetchpriority=\"high\" decoding=\"async\" class=\"alignright wp-image-76\" src=\"https:\/\/mk-hansa.de\/wp-content\/uploads\/2022\/09\/handedruck2m.png\" alt=\"Hand in Hand\" width=\"277\" height=\"312\" \/><\/strong><\/p>\r\n<ul>\r\n<li><strong>Arbeitnehmer \u00dcberlassung<\/strong><\/li>\r\n<li><strong>Personal Dienstleistung<\/strong><\/li>\r\n<li><strong>Sicheheitspersonal<\/strong><\/li>\r\n<\/ul>\r\n<p>Je nachdem, f\u00fcr welche Aufgaben Sie unsere Personaldienstleistung nutzen m\u00f6chten, stellen wir Ihnen individuelle Teams zusammen.<\/p>\r\n<ul>\r\n<li><strong>Lagert\u00e4tigkeiten richtig organisieren<\/strong><\/li>\r\n<li><strong>Kommissionierung und Konfektionierung<\/strong><\/li>\r\n<li><strong>Scannen, Erfassen und Etikettieren<\/strong><\/li>\r\n<\/ul>\r\n\r\n<p>&nbsp;<\/p>\r\n\r\n<p>&nbsp;<\/p>\r\n","protected":false},"excerpt":{"rendered":"<p>Wer wir sind Ihr professioneller Partner f\u00fcr Personaldienstleistung Wir bieten mit \u00fcber 10 Mitarbeitern Dienstleistungen im Bereich Logistik an. Unter anderem bieten wir an Container be- und entladen Reinigung von Containern Arbeitnehmer \u00dcberlassung Personal Dienstleistung Sicheheitspersonal Je nachdem, f\u00fcr welche Aufgaben Sie unsere Personaldienstleistung nutzen m\u00f6chten, stellen wir Ihnen individuelle Teams zusammen. Lagert\u00e4tigkeiten richtig organisieren [&hellip;]<\/p>\n","protected":false},"author":1,"featured_media":0,"parent":8,"menu_order":0,"comment_status":"closed","ping_status":"closed","template":"","meta":{"footnotes":""},"class_list":["post-26","page","type-page","status-publish","hentry"],"_links":{"self":[{"href":"https:\/\/mk-hansa.de\/index.php?rest_route=\/wp\/v2\/pages\/26","targetHints":{"allow":["GET"]}}],"collection":[{"href":"https:\/\/mk-hansa.de\/index.php?rest_route=\/wp\/v2\/pages"}],"about":[{"href":"https:\/\/mk-hansa.de\/index.php?rest_route=\/wp\/v2\/types\/page"}],"author":[{"embeddable":true,"href":"https:\/\/mk-hansa.de\/index.php?rest_route=\/wp\/v2\/users\/1"}],"replies":[{"embeddable":true,"href":"https:\/\/mk-hansa.de\/index.php?rest_route=%2Fwp%2Fv2%2Fcomments&post=26"}],"version-history":[{"count":1,"href":"https:\/\/mk-hansa.de\/index.php?rest_route=\/wp\/v2\/pages\/26\/revisions"}],"predecessor-version":[{"id":244,"href":"https:\/\/mk-hansa.de\/index.php?rest_route=\/wp\/v2\/pages\/26\/revisions\/244"}],"up":[{"embeddable":true,"href":"https:\/\/mk-hansa.de\/index.php?rest_route=\/wp\/v2\/pages\/8"}],"wp:attachment":[{"href":"https:\/\/mk-hansa.de\/index.php?rest_route=%2Fwp%2Fv2%2Fmedia&parent=26"}],"curies":[{"name":"wp","href":"https:\/\/api.w.org\/{rel}","templated":true}]}}