{"id":8,"date":"2022-09-01T07:00:31","date_gmt":"2022-09-01T07:00:31","guid":{"rendered":"http:\/\/mk-hansa.de\/?page_id=8"},"modified":"2022-10-19T13:58:51","modified_gmt":"2022-10-19T13:58:51","slug":"mk-hansa-dienstlestungen","status":"publish","type":"page","link":"https:\/\/mk-hansa.de\/","title":{"rendered":"MK Hansa  Dienstleistungen"},"content":{"rendered":"\r\n<h4>Wir Packen alles an was Arbeit macht!<\/h4>\r\n\r\n\r\n\r\n<h4>Logistik und Lagerarbeiten<br \/>Bauhelfer<br \/>Entr\u00fcmplung<br \/>Umzugshelfer<br \/>Reinigung<br \/>Sicherheitsdienst <br \/>Arbeitnehmer\u00fcberlassung <br \/>Kurierdienste Unterst\u00fctzung<\/h4>\r\n<h4><span style=\"color: #0000ff;\"><a style=\"color: #0000ff;\" href=\"mailto:info@mk-hansa.de\">mailto:info@mk-hansa.de<\/a><\/span><\/h4>\r\n<h4><img decoding=\"async\" class=\"alignnone  wp-image-64\" src=\"https:\/\/mk-hansa.de\/wp-content\/uploads\/2022\/09\/Mk-H.png\" alt=\"\" width=\"214\" height=\"232\" \/><\/h4>\r\n\r\n\r\n\r\n<p><strong>MK-HANSA<\/strong><\/p>\r\n\r\n<p>&nbsp;<\/p>","protected":false},"excerpt":{"rendered":"<p>Wir Packen alles an was Arbeit macht! Logistik und LagerarbeitenBauhelferEntr\u00fcmplungUmzugshelferReinigungSicherheitsdienst Arbeitnehmer\u00fcberlassung Kurierdienste Unterst\u00fctzung mailto:info@mk-hansa.de MK-HANSA &nbsp;<\/p>\n","protected":false},"author":1,"featured_media":0,"parent":0,"menu_order":0,"comment_status":"closed","ping_status":"closed","template":"","meta":{"footnotes":""},"class_list":["post-8","page","type-page","status-publish","hentry"],"_links":{"self":[{"href":"https:\/\/mk-hansa.de\/index.php?rest_route=\/wp\/v2\/pages\/8","targetHints":{"allow":["GET"]}}],"collection":[{"href":"https:\/\/mk-hansa.de\/index.php?rest_route=\/wp\/v2\/pages"}],"about":[{"href":"https:\/\/mk-hansa.de\/index.php?rest_route=\/wp\/v2\/types\/page"}],"author":[{"embeddable":true,"href":"https:\/\/mk-hansa.de\/index.php?rest_route=\/wp\/v2\/users\/1"}],"replies":[{"embeddable":true,"href":"https:\/\/mk-hansa.de\/index.php?rest_route=%2Fwp%2Fv2%2Fcomments&post=8"}],"version-history":[{"count":0,"href":"https:\/\/mk-hansa.de\/index.php?rest_route=\/wp\/v2\/pages\/8\/revisions"}],"wp:attachment":[{"href":"https:\/\/mk-hansa.de\/index.php?rest_route=%2Fwp%2Fv2%2Fmedia&parent=8"}],"curies":[{"name":"wp","href":"https:\/\/api.w.org\/{rel}","templated":true}]}}